30. Give j(-5).
35
Let y(s) = -9*s**3 + 1878*s**2 - 5552*s - 9. Give y(3).
-6
Let b(u) = -104*u + 3679. Calculate b(39).
-377
Let i(w) = -1280*w**2 + 8982*w - 145. Calculate i(7).
9
Let s(z) = -178*z**3 + 1783*z**2 - 147*z + 1165. What is s(10)?
-5
Let b(f) = 370*f**2 - 12*f + 12. What is b(1)?
370
Let y(l) = -152366*l + 1371302. What is y(9)?
8
Let x(g) = g**3 + 19*g**2 + g + 87. Give x(-14).
1053
Let l(n) = 4*n**3 - 3*n**2 - 2*n + 28. Calculate l(2).
44
Let w(q) = -15869*q - 111094. Determine w(-7).
-11
Let j(p) = -13*p**2 - 6741*p - 33706. Determine j(-5).
-326
Let r(h) = 17834*h - 17835. Calculate r(1).
-1
Let q(a) = a**3 - 160*a**2 - 62*a + 9928. What is q(160)?
8
Let n(h) = -5*h**3 - 101*h**2 - 2*h + 191. What is n(-20)?
-169
Let b(p) = -p**3 + 55*p**2 + 266*p + 26. What is b(-5)?
196
Let m(f) = -f**2 + 24*f + 2293. Determine m(62).
-63
Let s(i) = -2*i**2 + 274*i - 7145. Give s(119).
-2861
Let p(g) = g**3 - g**2 + 50*g - 494. Give p(6).
-14
Let h(y) = -2*y**2 + 364*y + 13845. Calculate h(215).
-345
Let l(k) = 2*k**3 - 26*k**2 - 5957*k + 82994. Give l(14).
-12
Let t(y) = -12461*y + 74108. Give t(6).
-658
Let g(i) = i**3 + 11*i**2 - 6*i + 1078. Calculate g(0).
1078
Let g(s) = -15479*s + 696545. Calculate g(45).
-10
Let k(n) = -3*n**3 - 139*n**2 - 1514*n - 35. Give k(-29).
139
Let j(s) = -6009*s + 114187. Calculate j(19).
16
Let g(l) = -54*l**3 + 163*l**2 + 81*l - 265. What is g(3)?
-13
Let y(z) = 48*z**2 - 1219*z - 37498. What is y(-18)?
-4
Let w(f) = -65*f**2 + 75*f + 16. Determine w(2).
-94
Let f(d) = -333*d**3 - 1258*d**2 + 11*d + 5. What is f(-4)?
1145
Let s(p) = -p**2 + 6335*p + 2651227. What is s(-394)?
1
Let o(j) = -216*j - 25675. Give o(-121).
461
Let a(w) = 4*w**3 + 415*w**2 - 535*w - 1075. Calculate a(-105).
-25
Let k(u) = 716*u + 55727. Give k(-77).
595
Let n(p) = -12230*p + 3033048. Determine n(248).
8
Let d(b) = 23*b**2 + 194*b + 379. What is d(-4)?
-29
Let m(a) = -36449*a - 1494422. Determine m(-41).
-13
Let t(q) = 7318*q - 37808. Determine t(5).
-1218
Let z(k) = -6*k**3 - 9*k**2 + 6*k + 3. Calculate z(7).
-2454
Let m(g) = 2635*g + 142514. Give m(-54).
224
Let g(q) = -377174*q + 2640207. Determine g(7).
-11
Let j(x) = -151*x**2 + 85314*x + 574. Give j(565).
9
Let k(b) = -8*b**2 + 4367*b - 3763. Give k(545).
52
Let s(q) = 6824*q - 156922. Give s(23).
30
Let u(y) = y**2 - 2060*y + 34755. Give u(17).
24
Let a(b) = b**3 - 2106*b**2 + 41798*b - 1562. Determine a(20).
-2
Let x(b) = 123272*b - 1356038. What is x(11)?
-46
Let w(q) = 25*q**2 + 4110*q + 1614. Calculate w(-164).
-26
Let z(l) = 1040*l**2 + 490902*l + 10381. Determine z(-472).
-3
Let t(r) = -2*r**3 + 67*r**2 - 255*r + 9993. What is t(34)?
167
Let n(o) = 1109*o - 10670. Determine n(10).
420
Let r(t) = 34*t**2 - 2410*t - 4823. Give r(-2).
133
Let x(j) = -871*j**2 - 3456*j + 16. What is x(-4)?
-96
Let v(c) = 4*c**2 + 37753*c + 37754. What is v(-1)?
5
Let c(g) = 38601*g - 38614. Determine c(1).
-13
Let u(y) = -33*y**2 - 6661*y + 626. Give u(-202).
-384
Let c(x) = -24*x**3 + 1631*x**2 + 201*x - 9032. Give c(68).
12
Let w(l) = l**3 + 10*l**2 + 1679*l + 10111. Give w(-6).
181
Let p(a) = a**3 - 811*a**2 + 23423*a + 214. Give p(30).
4
Let y(q) = -12*q**3 + 25*q**2 - 62*q - 95. Give y(-1).
4
Let d(n) = -27395*n + 6958333. Determine d(254).
3
Let h(q) = -432*q + 37251. What is h(87)?
-333
Let c(o) = -2*o**2 + 913*o + 3294. What is c(460)?
74
Let t(g) = 11*g**2 - 273*g - 9898. Give t(-20).
-38
Let m(w) = w**2 - 1540*w - 158788. What is m(-97)?
1
Let i(b) = b**2 + 24136*b + 37829942. Give i(-1685).
7
Let a(d) = d**3 + 29*d**2 - 121*d - 1721. Give a(-31).
108
Let g(l) = -l**3 - 195*l**2 - 7344*l - 14. Give g(-144).
-14
Let m(x) = x**3 + 260*x**2 + 1704*x + 54. Give m(-7).
523
Let q(j) = -883*j - 11207. Give q(-14).
1155
Let r(m) = 86*m**2 - 858*m + 2667. Determine r(3).
867
Let k(t) = 187*t**2 + 805*t + 3991. Determine k(-5).
4641
Let w(k) = -175*k - 628. Calculate w(1).
-803
Let a(o) = 8956*o + 78397. Give a(-9).
-2207
Let y(s) = s**3 - 16*s**2 - 25*s + 74. Determine y(19).
682
Let y(t) = 33*t**2 + 917*t + 8336. Determine y(-9).
2756
Let m(z) = 2533*z - 177279. Calculate m(70).
31
Let b(w) = -5*w**3 + 989*w**2 + 3212*w + 813. Calculate b(201).
9
Let y(v) = 4*v**2 - 73690*v + 1178022. Give y(16).
6
Let j(o) = -7743*o - 4932277. Calculate j(-637).
14
Let v(s) = -2946*s + 14286. Determine v(5).
-444
Let z(n) = n**2 + 3181*n + 38019. What is z(-12)?
-9
Let c(z) = -22*z**3 + 24*z**2 - 142*z + 281. Determine c(2).
-83
Let w(c) = 14*c**2 - 1231*c - 6594. Give w(93).
9
Let f(b) = -b**3 + 603*b**2 + 10490*b + 31008. What is f(620)?
8
Let g(t) = -2591*t + 14363. Give g(6).
-1183
Let h(t) = -66*t**3 - 5*t**2 - 11*t + 10. Determine h(-2).
540
Let a(m) = m**3 + 2321*m**2 + 20808*m - 5. Calculate a(-9).
-5
Let c(a) = 610*a + 23184. Calculate c(-38).
4
Let b(x) = 7*x**2 - 711*x + 673. Calculate b(100).
-427
Let m(n) = -n**3 + 75*n**2 - 20*n - 18754. Give m(71).
-10
Let p(y) = -y**3 - 217*y**2 - 7752*y - 2122. What is p(-172)?
-58
Let b(g) = g**3 - 348*g**2 - 40483*g + 1288. Give b(440).
-32
Let g(a) = -1106*a + 409708. Calculate g(371).
-618
Let t(q) = -q**3 - 102*q**2 - 310*q - 1816. Give t(-99).
-529
Let f(o) = 11184*o - 9114958. Give f(815).
2
Let f(o) = o**3 - 1202*o**2 + 40844*o + 1169. Determine f(1167).
2
Let c(u) = 6*u**2 - 130*u + 273. Determine c(3).
-63
Let g(c) = -c**3 - 61*c**2 - 617*c + 116. Determine g(-13).
25
Let f(t) = 4*t**3 - 17*t**2 - 1253*t + 3. What is f(20)?
143
Let z(t) = -288*t**2 - 132*t + 125. Give z(1).
-295
Let s(i) = 124*i**2 - 19452*i - 2509. Give s(157).
3
Let m(f) = 3*f**3 - 291*f**2 + 297*f - 784. Calculate m(96).
80
Let b(r) = 567*r + 495. Determine b(-1).
-72
Let v(b) = b**3 - 77*b**2 + 1051*b + 211. Give v(18).
13
Let g(c) = 22*c**2 - 2658*c - 2661. Calculate g(-1).
19
Let q(z) = -149*z**2 - 3781*z + 11354. Determine q(3).
-1330
Let a(c) = c**3 + 145*c**2 - 3194*c - 480727. Give a(-144).
-55
Let k(o) = 2*o**2 - 430*o - 38954. Give k(283).
-466
Let i(n) = -n**2 - 28*n + 576. Give i(13).
43
Let v(z) = 13*z**3 + 2671*z**2 + 1253*z + 4711. Determine v(-205).
-4
Let u(t) = -39248*t**2 + 196230*t + 53. Give u(5).
3
Let p(o) = -4*o**3 - 163*o**2 - 327*o - 33. Determine p(-2).
1
Let v(w) = w**2 + 225*w - 10235. What is v(40)?
365
Let h(o) = 693113*o - 3465572. Determine h(5).
-7
Let m(b) = 2*b**2 + 3390*b - 210599. Determine m(60).
1
Let l(r) = 45*r**3 - 46*r**2 - 99*r - 14. What is l(-2)?
-360
Let k(q) = -2*q**2 + 230*q - 5965. Determine k(40).
35
Let l(q) = -28*q**2 - 3016*q - 2140. Determine l(-107).
0
Let k(i) = -i**2 - 195802*i - 783191. Give k(-4).
1
Let j(g) = 105*g**2 - 222*g + 908. Give j(4).
1700
Let l(t) = -t**3 + 38*t**2 + 61*t + 1135. What is l(40)?
375
Let a(o) = -12*o**2 - 278*o + 11044. Determine a(22).
-880
Let q(u) = 631*u + 10681. Determine q(-17).
-46
Let p(u) = 36749*u - 624721. What is p(17)?
12
Let f(a) = -121006*a + 9075447. Give f(75).
-3
Let j(h) = 666*h - 140545. What is j(211)?
-19
Let z(s) = 146*s - 8844. Calculate z(64).
500
Let b(l) = 650*l + 122014. Calculate b(-188).
-186
Let k(n) = 3526513*n - 7053031. Calculate k(2).
-5
Let y(i) = -59*i - 1392. Give y(-22).
-94
Let j(t) = 236*t + 13812. Determine j(-58).
124
Let n(b) = 2303*b + 14359. Calculate n(-6).
541
Let f(b) = -5910*b - 41378. Calculate f(-7).
-8
Let b(j) = -j**3 + 315*j**2 - 377*j - 77960. Give b(313).
-23
Let n(b) = 189*b + 77603. What is n(-415)?
-832
Let i(b) = b**3 + 7*b**2 + 72988*b + 291899. What is i(-4)?
-5
Let z(a) = -39407*a - 3428403. Calculate z(-87).
6
Let d(y) = 820*y + 77207. Calculate d(-94).
127
Let j(r) = 1286*r + 38584. Calculate j(-30).
4
Let d(k) = -k**2 + 124*k - 4079. What is d(64)?
-239
Let o(i) = -4*i**2 - 66*i + 1427. Determine o(12).
59
Let m(k) = -20*k - 1250. Give m(-62).
-10
Let i(f) = 8*f**2 + 735*f + 4568. Give i(-6).
446
Let o(g) = 18374*g - 1286125. What is o(70)?
55
Let q(t) = 6*t**2 - 243*t - 2173. Determine q(48).
-13
Let w(s) = -3*s**3 - 184*s**2 + 130*s + 99. Give w(-62).
-273
Let b(x) = x**3 - 204*x**2 - 26*x + 4847. Determine b(204).
-457
Let s(f) = -1956*f + 301235. What is s(154)?
11
Let i(s) = 13*s**2 - 1937*s - 142. Give i(149).
-142
Let g(u) = 37*u**3 + 81*u**2 - 318*u - 1. Calculate g(3).
773
Let x(z) = -3*z**2 - 7234*z + 14471